ite number?
True
Let a(m) = -42*m**2 + 13*m**2 - 5*m + 2*m + 2. Let i be a(1). Is 2215/25 - 12/i a prime number?
True
Let r = -328440 - -1069189. Is r a composite number?
False
Is 48680439/5379*(10 + 1) composite?
False
Suppose 0 = -j + 2*x + 39349, 3*x = -j + 18904 + 20475. Is j a prime number?
False
Let a(h) = -450*h**2 + 70*h + 29. Let j(t) = 301*t**2 - 47*t - 19. Let x(q) = 5*a(q) + 8*j(q). Is x(-5) prime?
True
Let d(r) = r**3 - 76*r**2 + 67*r - 1971. Is d(118) composite?
True
Is ((-2009190)/(-25)*-1)/((-5)/(75/6)) a composite number?
True
Suppose 0 = 13*h - 52. Suppose -w - 4*u + 1291 = 0, 0*u = -3*w + h*u + 3841. Is w a prime number?
True
Let p = 16669 + 21762. Is p prime?
True
Let d = 1010 + -2183. Let g = 1666 + d. Is g composite?
True
Suppose 4*a + 3*h - 15686 - 24360 = 0, -2*a = -4*h - 19990. Is a a composite number?
False
Let b be (18/5)/(2/5). Suppose -b*j = -16 - 11. Suppose -15*l = -j*l - 3804. Is l a prime number?
True
Suppose -49*c - g - 572321 = -51*c, 0 = -4*c + 4*g + 1144632. Is c prime?
True
Let s(c) = 268*c + 136 + 165 - 260*c. Is s(0) prime?
False
Suppose -46*v + 51*v + 6480 = 0. Let f be (-4)/8*0 + v. Let j = f + 2489. Is j composite?
False
Suppose -479 - 73 = 8*d. Let s = -62 - d. Is (31/(-2))/(5/((-7490)/s)) a composite number?
True
Let i = 134637 - 75398. Is i a composite number?
False
Let z = -1063 - -30477. Suppose 24199 = 4*c + n, -4*c + 5*n - 5233 + z = 0. Is c a prime number?
False
Suppose 4*b - 149235 = 19*b. Let i = -2895 - b. Is i prime?
False
Suppose -2*b + 98640 = 2*x + 20824, 0 = 4*x + b - 155617. Is x a composite number?
False
Let u = 164516 + -67375. Is u prime?
False
Let n(m) = 1914*m - 353. Is n(5) composite?
True
Suppose -16*r = -18*r - 78420. Let l = r + 110141. Is l a prime number?
False
Let h(r) = r**2 - 2*r**2 + 3*r**2 + 23*r - 17 - 33*r. Is h(-8) a composite number?
False
Suppose 0 = 46*m - 1600427 + 255487 - 471922. Is m composite?
True
Suppose 48*j = -34*j + 1722410. Is j a prime number?
False
Is 13 - (-91)/(-7) - (-369543 + 4 - 0) a prime number?
True
Let u(h) = 442*h**3 - h**2 + 2*h. Suppose 5*p - 13 = n, -5*n - 7 = -3*p - 4*n. Suppose p*i - 42 = -39. Is u(i) prime?
True
Let n = 25 - 23. Let t be 12*(n - (-28)/(-16)). Suppose -5*j - k + 466 = -168, t*j + 2*k - 379 = 0. Is j composite?
False
Let m(v) = 2 - 7*v**2 + 32*v - 31*v - 4*v**2 + 5*v**2. Let d be m(-8). Let x = -229 - d. Is x composite?
True
Let u be 5 + -3 + 9 + -8. Is -818*(1 - 2) - u composite?
True
Let s(t) = -t**3 + 22*t**2 + t + 14. Let l be s(21). Suppose 0 = 4*h - 4*f + 468, -f - 155 = 3*h + 212. Let g = l + h. Is g a composite number?
True
Let w(j) = 4039*j - 1545. Is w(34) a composite number?
False
Suppose 3*d - 16 = -2*c, -c - 5*d + 15 = -0*d. Let m be 1 + 3 + (c - 11). Let b(k) = k + 4. Is b(m) a composite number?
False
Let a(m) = -m**3 - 11*m**2 - 21*m - 18. Let l be a(-9). Suppose -l*y - 2430 = 11394. Is -3 + (y/(-15))/(2/40) a composite number?
True
Suppose -400 + 2585 = -f. Let h = 2082 - f. Is h a prime number?
False
Let y(m) = -155*m - 13. Suppose 3*o + 15 = 3. Let w be y(o). Suppose r = -5*j - 3*r + w, -3*j + 2*r + 351 = 0. Is j composite?
True
Suppose 0*h + 12 = -3*h, -5*n = 4*h + 236. Let j = n + 48. Suppose 984 = j*o - 932. Is o a prime number?
True
Let m be ((-6)/(-18))/((-3)/(-36)). Suppose -20 = -m*n, 5003 = 4*o - 5*n + 688. Let u = o - 444. Is u a prime number?
True
Suppose -4855968 = -8*n + c, -13 = -c - 5. Is n a composite number?
False
Suppose -5*b = -1 - 19. Suppose -b*k + 11965 = 2*q - k, -2*q + 11957 = -5*k. Is q a prime number?
True
Suppose 0 = -9*c + 14*c - 538515. Suppose -c = -28*k + k. Is k a composite number?
False
Suppose -5*m - n - 2303 + 29158 = 0, -2*m - 5*n = -10742. Is m prime?
False
Let w(l) = l**2 + 3 - 16*l + 1 + 8*l - 3*l. Let i be w(10). Is (-8)/(-12)*(-11043)/i a prime number?
False
Suppose -78*k + 4408522 = -13030016. Is k prime?
False
Let o = -62 + 65. Suppose 5*z - 4*g = -50, o*g = -3*z - z - 40. Is (-2592)/z - 11/55 prime?
False
Let g = -82 + 487. Is 4/(-30) + (-9)/g*-45141 a prime number?
False
Let v be (-5584)/(-6)*(-189)/(-84). Suppose -17*h = -v - 65. Is h a prime number?
True
Suppose j = -3*i + 17, 3*j - 13 + 4 = -2*i. Suppose 11653 = -i*a + 35311. Is a a composite number?
False
Is (-31)/(403/104) - -103297 composite?
False
Suppose 37 = 5*h - 13. Suppose -h*s + 13*s + 6 = 0. Is (3 - 3866/(-6))*(-3)/s composite?
False
Let w be (-9 - -18)*-2 + 36. Let z = 0 - -19. Suppose w*o + 769 = z*o. Is o a prime number?
True
Let f(b) = -13772*b - 2229. Is f(-23) a prime number?
True
Suppose -r - c + 52291 = -26400, 4*c - 157386 = -2*r. Is r prime?
False
Let t(p) = 45*p**2 - p - 3. Suppose j + 96 = -j + k, 0 = -5*j - 3*k - 218. Let u = j - -44. Is t(u) prime?
True
Suppose -3*a - 12 = -0*a, -5*q + 8 = 3*a. Let o be (0/(-3))/((q + -3)*3). Suppose o = 7*r - 4653 - 7198. Is r a composite number?
False
Let n = -22 - -22. Suppose -3*y + 27928 = -n*y + 5*g, 0 = -2*y + g + 18623. Is y composite?
False
Let z = 14568 + -4201. Is z composite?
True
Let f(s) = s**3 + 85*s**2 - 37*s - 496. Is f(-63) composite?
False
Let v = -64805 - -112402. Is v a prime number?
False
Let h be 11548 + 2 - (15 - 12). Suppose 2*q = -t - 2*q + 2873, 5*q - h = -4*t. Is t a prime number?
False
Suppose 9*h - 7*h + 10472 = 2*z, -20945 = -4*z + 3*h. Let r = -3340 + z. Is r a composite number?
True
Let i = 1016467 - 629580. Is i prime?
True
Let b(m) = 21*m**3 - m**2 + 7*m + 11. Let v be b(-4). Let p = 3008 - v. Is p composite?
True
Let q(d) = 278866*d**2 + 585*d - 584. Is q(1) prime?
True
Let r(s) = 5254*s**2 + 101*s + 387. Is r(-4) prime?
True
Suppose -5*d + 15 = y, 6*y - 3*y = -4*d + 12. Suppose -g - t + 1965 = -d*t, 3*t - 7838 = -4*g. Is g a composite number?
True
Let l(u) = u**2 - 11*u - 20. Let c be l(12). Let g be (-9)/(45/c) + (-4)/(-10). Let s(q) = 196*q**3 - 4*q + 1. Is s(g) a prime number?
False
Let z be (39/6)/(-1 - 4818/(-4820)). Let u = 24756 + z. Is u prime?
True
Suppose 2*k = -3*k - 17*k + 7774822. Is k a prime number?
True
Suppose 0 = -5*g + j - 6*j + 80, 0 = 5*g - j - 98. Suppose -y + 2*l = y + 14, 2*y - 3*l = -g. Is y/(23836/7948 - 3) prime?
True
Let w(k) = 5*k**3 + 8*k**2 - 4*k + 10. Let p be w(7). Let z = -459 + p. Suppose h = -5*l + 3*h + z, 3*l - 4*h = 978. Is l a composite number?
True
Suppose 5*w = 5*u + 320639 + 148711, 281612 = 3*w - u. Is w a composite number?
False
Let d = 95187 + -41636. Is d prime?
True
Let w be (-60)/25*15/2. Let j = w + 22. Suppose -1020 - 1368 = -j*i. Is i a prime number?
False
Let n(f) = -3*f + 14. Let v be n(-19). Let j be (3 + -10 - v)/(1/(-13)). Let x = j + -655. Is x a composite number?
False
Is 2/((-38)/120717279*-9) a prime number?
True
Suppose 79344 = -16*h + 20*h - 5*i, h = -3*i + 19853. Is h a composite number?
False
Let l(b) = 18*b**3 - 7*b**2 - 4*b + 9. Let s(p) = 8*p - 2. Let o be s(1). Let d be l(o). Suppose -t + 447 = -5*n + d, 2*n = t + 1269. Is n a composite number?
True
Suppose -20663 = k - 3*n, -n + 13527 = -4*k - 69092. Let h = k - -39835. Is h prime?
True
Let o(g) = g**2 - 24*g + 31. Let v be o(23). Suppose 0 = -5*j + 3*q + 24515, v*j - 9806 = 6*j - q. Is j a composite number?
False
Let q(y) = 1841*y**2 + 13*y - 39 + 1833*y**2 - 3629*y**2. Is q(4) a composite number?
False
Let p(k) = 2*k**3 - 18*k**2 + 16*k. Let w be p(8). Suppose 17*g - 8*g - 45405 = w. Is g a composite number?
True
Let b = 217052 - -180461. Is b a composite number?
True
Let l(u) be the second derivative of 5*u**4/6 - 5*u**3/6 - 2*u**2 - 3*u. Suppose -7*i = -3*i + c + 6, -2*i - 10 = -3*c. Is l(i) a prime number?
False
Let q(c) = -720468*c**3 + 10*c**2 - 4*c - 15. Is q(-1) a prime number?
False
Let k(q) = 2174*q**3 + 51*q**2 - 3*q + 17. Is k(4) prime?
False
Suppose 0 = -8*i + 30 + 10. Suppose n + 106 = 2*n + 3*u, 0 = -2*n + i*u + 234. Let g = n - -9. Is g composite?
True
Let i = -67 + 49. Let o = i + 21. Suppose 5*p + o*t = -0*t + 8782, p = t + 1758. Is p composite?
True
Suppose -2 + 156 = 11*u. Let r = u - 18. Is (-981)/(-12) - 1/r a composite number?
True
Let q(w) = 149*w**2 + 11*w - 14. Let v be q(6). Let j = v + 2337. Is j a prime number?
True
Let p(i) = i**3 - 6*i**2 + 5*i + 2. Let x be p(5). Suppose x*w = -4 + 20. Is 226/3 - w/6 composite?
True
Let t be -7*9/(-21)*15/9. Suppose -2*s +